1. Is 123 a factor of l(148)?
False
Suppose -4*b = -2*u + 1668 + 442, -5210 = -5*u - 3*b. Is u a multiple of 15?
False
Let i(b) = -b**3 + 45*b**2 - 6*b + 8756. Is 199 a factor of i(0)?
True
Let r be (-7)/((-21)/18) - -4. Suppose 3*j + r*j = 12584. Is j a multiple of 44?
True
Suppose -3*h = -4*y + 35, 0 = 2*y - 3*h + h - 20. Suppose -2*w + 1 = -y*m, -m = 4*w - 4 - 9. Suppose w*r + 3 = -6, -4*o + 3*r = -77. Does 17 divide o?
True
Let c(u) be the third derivative of -1/6*u**3 + 20*u**2 + 0*u - 5/12*u**4 + 0 - 1/60*u**5. Does 5 divide c(-6)?
False
Let s(p) = 14*p**2 + 68*p - 7. Is s(33) a multiple of 64?
False
Let f(o) be the third derivative of o**5/30 + 17*o**4/24 + 4*o**3/3 + 13*o**2 - 2*o. Does 17 divide f(8)?
True
Suppose 5*d - 12007 - 1583 = -5*y, -4*y = 2*d - 10876. Is 20 a factor of y?
True
Let r(w) = -w**3 + 3*w**2 + 2*w - 25. Let g be r(4). Does 8 divide 64 - (g - -9)/3?
True
Let o(c) = -30*c**3 + 3*c**2 + 28*c + 11. Is o(-5) a multiple of 88?
True
Let m be (24/30)/((-1)/(-30)). Is (-1438)/(-8) - m/(-96) a multiple of 12?
True
Suppose 90 = -17*q + 27*q. Does 18 divide ((-10764)/15)/(-4) + q/15?
True
Suppose 7*h = 5*o + 6*h + 759, 4*h - 318 = 2*o. Is 84 a factor of 2*(4 + o)*-2?
True
Is 24750/(-33)*(-95)/10 a multiple of 11?
False
Let y(h) be the third derivative of h**7/840 - h**6/45 + h**5/120 - 7*h**4/12 - 33*h**2. Let x(t) be the second derivative of y(t). Is x(9) a multiple of 10?
True
Let y(l) = -6*l - 23. Let n be y(-5). Let o(p) = -p**3 + 6*p**2 - 7*p - 7. Let f be o(n). Let j = -57 - f. Is 16 a factor of j?
True
Let h(n) = n. Let k(u) = 5*u**2 - 28*u + 101. Let r(s) = 5*h(s) + k(s). Is r(10) a multiple of 12?
False
Let d = -12 + 15. Let f be (5 - (5 - 1))*d. Is ((f - 59)/(-4))/(2/6) a multiple of 2?
True
Let n(u) be the second derivative of u**3/6 - u**2 + 2*u. Let a be n(6). Suppose -a*j - 32 = -324. Is 11 a factor of j?
False
Let j(b) = 41*b**2 + 96*b - 1212. Is 41 a factor of j(15)?
False
Does 148 divide (-1 - (3 - 32))*37?
True
Let u(l) = 11*l**2 + 13*l. Let r(x) = 4*x**2 + 4*x. Let v(o) = -8*r(o) + 3*u(o). Let g be -1*11/(-3)*-3. Is v(g) a multiple of 12?
False
Let u be 1452/(-10)*((-3)/(-3) - -54). Is 38 a factor of (2/(-2))/(6/u)?
False
Let s(o) = 174*o**2 - 28*o - 38. Is s(8) a multiple of 6?
False
Suppose -64 = 5*l - 74. Suppose -3*j + 606 = -2*t - 2*t, -427 = -2*j - 5*t. Suppose -l*a + j = -234. Does 20 divide a?
True
Let s(r) = 5*r + 26 + 8*r - 6*r. Let a be s(-17). Let p = a + 303. Is 13 a factor of p?
False
Suppose -29*o + 1432242 = -11*o. Is 12 a factor of (-2)/(-28) - o/(-98)?
False
Let g(d) = -550*d - 2093. Is g(-26) a multiple of 64?
False
Let y = -24 - -40. Let r be (8 + 0)/(y - 18). Does 5 divide -1 + 44 + r - 1?
False
Let x = -80 - -77. Let g be (-8 - -5)/(x/4). Is 6 a factor of 32 + -1 - g/(-12)*-3?
True
Suppose -202 - 263 = -5*i. Let t = i - 129. Let c = 81 + t. Does 18 divide c?
False
Let r(l) = 414*l**2 + 103*l - 405. Does 19 divide r(4)?
True
Let t be (-4)/6 - 1704/(-18). Let c = 31 + -14. Let r = t - c. Is 9 a factor of r?
False
Suppose -15541 = -11*l + 200. Is 12 a factor of l?
False
Suppose -4*r + 4*f + 12482 - 1342 = 0, -f + 8 = 0. Does 19 divide r?
True
Let u be ((-8)/(-36) - 80/(-45))*114. Suppose 25 = -5*r, -3*g - 560 + 51 = 4*r. Let w = u + g. Is w a multiple of 13?
True
Let g(i) = 3*i**3 - 11*i**2 + 13*i + 7. Let y(n) = 2*n - 6. Let a be y(6). Let k be g(a). Let l = -207 + k. Does 5 divide l?
True
Let x(j) = -3*j**2 - 5. Let v be x(4). Let z = v + 53. Suppose d + 16 = -4*u + 5*u, z = u + 2*d - 13. Is 15 a factor of u?
True
Suppose -5*b - 50 + 65 = 0, -4*b = 2*z - 8128. Is z a multiple of 8?
False
Suppose -3*b - 88 = -4*f, b + 4*b - 18 = -2*f. Suppose 10*o = f*o - 477. Is 5 a factor of o?
False
Does 38 divide (-14)/(-6)*(-760)/(-14)*(1343 - 1334)?
True
Suppose -4*w = 5*f - 48272, 0*w = 3*f - 2*w - 28928. Does 134 divide f?
True
Let v(i) = 2*i**2 + 29*i - 4. Let u(s) = -2*s**3 + 5*s**2 - 5*s + 7. Let q(f) = -f**2 + 15*f - 11. Let n be q(14). Let h be u(n). Is 13 a factor of v(h)?
False
Does 5 divide ((-447952)/308 - 6/33)/((-2)/14)?
False
Let d(r) = -13*r**3 - 11*r**2 - 22*r - 21. Is 11 a factor of d(-5)?
False
Suppose 0*m - 4*m = 2*x - 34, 3 = -2*m - 5*x. Does 13 divide (-1 + m/5)/((-99)/(-1815))?
False
Let g(u) be the first derivative of 13*u**3 + 5*u**2/2 - 4*u - 59. Does 10 divide g(1)?
True
Suppose 41612 = 2*h - 2*z, -3*h - 5*z + 42602 = -19856. Does 21 divide h?
True
Suppose 0 = -8*q + 33 + 71. Let v = 250 - q. Suppose -3*f + 222 = 2*y, -3*y + 3*f + 66 = -v. Is y a multiple of 14?
False
Is 183 a factor of (732 - -5)*((-148)/(-24))/(3/18)?
False
Does 52 divide (-31374)/12*(-126)/245*10?
False
Is 42 a factor of (-2056)/(-6)*(132 + -126)/((-4)/(-21))?
True
Suppose 0 = -2*x - 4*f + 1086, -2*x = x - f - 1629. Let g = x - 361. Does 13 divide g?
True
Let v be 5 + 2 + -1 + -4. Let h be v + (-8)/3 - (-2)/3. Suppose -3*o + 166 - 73 = h. Is o a multiple of 4?
False
Let d = 5922 + -5516. Does 7 divide d?
True
Let l(j) be the third derivative of -7/6*j**3 + 4*j + 0 - 23/24*j**4 + 9*j**2. Is 18 a factor of l(-5)?
True
Suppose 3*p = -y + 1275 + 363, -3*p = 2*y - 3267. Suppose 0 = 7*c - y - 1577. Is c a multiple of 49?
False
Let j(p) be the second derivative of 7*p**3/3 - 17*p**2 - 39*p. Let m be j(17). Suppose 956 + m = 4*c. Does 29 divide c?
True
Suppose -261 = -3*f - 3*c, c = -0*f - 2*f + 172. Suppose 5*x + f = -3*h + 510, -2*h = -2*x - 262. Is 3 a factor of 40/(-6)*h/(-18)?
False
Let z(r) be the third derivative of 41*r**4/24 + r**3 - 12*r**2. Let v be z(3). Does 6 divide (234/4)/3 - v/86?
True
Suppose 0 = 2*z - 0*z + 10. Let g be (2/z)/(5/50*-1). Suppose 8 = -g*q, -n + q + 18 = 1. Is 15 a factor of n?
True
Let y(w) = w**3 + 5*w**2 + 7*w + 10. Let z be y(-3). Let q(i) = 2*i**2 - 42. Does 4 divide q(z)?
True
Suppose 2*j = 3*w - 6*w + 21, 19 = 3*j + 2*w. Is 19 a factor of 7 - (j - 1) - (-487 - 2)?
True
Let h(o) = 890*o + 31038. Does 6 divide h(0)?
True
Let k(c) = c**2 + 10*c - 134. Does 25 divide k(-58)?
True
Let s = -27383 - -43291. Is s a multiple of 41?
True
Let i(u) be the second derivative of -u**5/20 - u**4/6 + u**3/6 + 131*u**2/2 + 2333*u. Let y(h) = h**2 + 3*h - 4. Let n be y(-4). Is 39 a factor of i(n)?
False
Let v(c) = 6*c**3 + 18*c**2 + 23*c + 65. Let x(t) = 8*t**3 + 27*t**2 + 35*t + 97. Let y(f) = -7*v(f) + 5*x(f). Is y(-6) a multiple of 12?
False
Is 48 a factor of (47 + 2)/(1/384*4) - 0?
True
Suppose 140 = 6*c - 196. Let p = c - 56. Suppose -3*v - v - 5*f + 325 = p, -f + 305 = 4*v. Does 15 divide v?
True
Let g = -448 - -451. Suppose -g*i = -5*i + 1248. Is i a multiple of 15?
False
Suppose 0 = 631*w - 633*w + 372. Let i be 1/(-3) - 16/(-3). Suppose -w = -s - i*s. Is 12 a factor of s?
False
Let n = -51 - -55. Suppose -5*c + 14 = 4*f - 81, -72 = -4*c - n*f. Let w = 206 - c. Does 11 divide w?
False
Suppose -7*f + 286 = 2092. Let s(m) = 108*m - 8. Let x be s(-4). Let i = f - x. Does 18 divide i?
False
Suppose -621*k = -636*k + 15420. Is k a multiple of 14?
False
Suppose -2*z = -91*r + 90*r + 18975, -2*r = 3*z - 37964. Does 4 divide r?
False
Is 17 a factor of 1 + ((-18813)/(-24))/1 + (-5)/(-40)?
False
Let o be ((-8)/(48/(-1089)))/((-3)/(-24)). Suppose 31*u - 27*u - o = 0. Is 10 a factor of u?
False
Suppose 4*c + 296 = 4*g, -308 = 8*g - 12*g + c. Is 39 a factor of g?
True
Let i = -9 + 11. Suppose i*s - s = -2*a + 223, 5*s = 5. Suppose 14 = -u + a. Is u a multiple of 7?
False
Let p(l) = -l**2 + 196*l - 64. Let t be p(48). Suppose 0 = -67*c + 78*c - t. Is c a multiple of 64?
True
Suppose 12*f - 23 - 13 = 0. Suppose f*i + 231 = 4*k - 0*i, 3*i = -4*k + 225. Does 5 divide 4/(4/3) + 0 + k?
True
Let j be (-1*(-3 + 23))/((-1)/2). Suppose 0 = 7*z - j - 107. Suppose 5*w = p + w - 15, 2*p - z = -w. Is p even?
False
Let d(t) be the second derivative of t**5/20 + 5*t**4/12 + 5*t**3/6 + t**2 + 9*t. Let l be d(-3). Does 31 divide (1/(-2)*-5)/(l/120)?
False
Let t(j) be the third derivative of -2/3*j**4 + 36*j**2 + 0 + 0*j - 8*j**3. Is 9 a factor of t(-10)?
False
Suppose 103*h - 9199 = 8105. Does 12 divide h?
True
Suppose 3*d = 3, 4*j + 2*d + 1702 = 8*j. Does 19 divide j?
False
Suppose -65524 = 298*q - 302*q + 2*m, 0 = -2*q - 2*m + 32756. Does 16 divide q?
False
Suppose 39*q - 30500 = 19*q. Is q a multiple of 6?